7)/(510/(-20)))?
3
Suppose -6*s - 67 = -301. Calculate the remainder when 77 is divided by s.
38
Suppose 6*g - 2*g - 56 = 0. What is the remainder when g is divided by -5 + 45/(-18)*32/(-10)?
2
Suppose 570 = 51*j - 36*j. Calculate the remainder when 145 is divided by j.
31
Suppose -1712 = -5*r + 4*p, -2*p + 1281 = 5*r - 443. Suppose 4*j + 0*j = r. What is the remainder when j is divided by 22?
20
Let q(n) be the first derivative of -n**3/3 + n**2/2 + 3*n - 27. What is the remainder when 7 is divided by q(0)?
1
Let i = -7 + 27. Calculate the remainder when i is divided by (-4)/(-18)*((-864)/4)/(-6).
4
Suppose -y - 23 = -3*b, b - 3*b - 3*y = -19. What is the remainder when 108 is divided by b?
4
Suppose 2*q + 5*s = 7, -1 - 14 = 5*s. Suppose 0*o = -2*o + 4. Suppose -o*a + 18 = -20. What is the remainder when a is divided by q?
8
Let r(q) = -4 + 0*q - 12 + 7 + 4*q + 19. Let n be ((-6)/3)/(1/(-2)). Calculate the remainder when 103 is divided by r(n).
25
Suppose -10 = -5*r, 0 = 2*x - 4*x - 4*r + 54. What is the remainder when x is divided by 10?
3
Let o be (-50)/(-20) + 2/4. Suppose -s - g = -7, o*s + 5*g - 42 + 15 = 0. Let h(z) = -z**3 + 7*z**2 - 6*z + 9. What is the remainder when h(6) is divided by s?
1
Let d(a) = a**3 - a**2 - 3*a + 3*a + a + 7. Suppose -38*s = -29*s - 45. What is the remainder when d(0) is divided by s?
2
Suppose 3 = -2*a + 11. Suppose 2*k = 6 + 14. Calculate the remainder when k is divided by a.
2
Let k = -51 + 70. Let n = 66 + -31. What is the remainder when n is divided by k?
16
Let u(m) = -2*m**3 - 33*m**2 - 16*m + 38. Calculate the remainder when u(-16) is divided by 11.
5
Let j(t) = -67*t - 17. Calculate the remainder when 213 is divided by j(-1).
13
Let q = 6 - 1. Suppose 39 = 2*t - 47. What is the remainder when t is divided by (-3)/q - (-339)/15?
21
Let g(w) = -10*w - 305. Calculate the remainder when 5 is divided by g(-31).
0
Let w = 85 - -239. Suppose 384 = 5*m + d + 3*d, -4*m + d = -w. Let o = m - 55. What is the remainder when o is divided by 13?
12
Let p be 2/(-10) + 2/10. Suppose 0*l + 3*l - 12 = p. Suppose -l*v = -v - c - 20, -32 = -2*v - 4*c. Calculate the remainder when 29 is divided by v.
5
Suppose 106 - 392 = -13*c. What is the remainder when 324 is divided by c?
16
Let i = -58 - -61. Suppose -3*r - 9 = -2*r + 2*a, 5*a = -i*r - 22. What is the remainder when (-11)/(-3) - 4/6 is divided by r?
0
Let f(p) = -17*p - 4. Let t(m) = 34*m + 9. Let v(k) = -7*f(k) - 3*t(k). Let g be v(3). What is the remainder when 24 is divided by (3*g/(-12))/(-1)?
11
Calculate the remainder when (-3)/15 + 59792/185 is divided by 27.
26
Let k = 57 - 6. Calculate the remainder when k is divided by 19.
13
Suppose 8*n = 4 + 20. Suppose -t - n = 0, -4*t + 7*t - 13 = -2*a. What is the remainder when 19 is divided by a?
8
Let u = 2061 + -1765. What is the remainder when u is divided by 60?
56
Let b(s) = 16 + 0*s + 6*s**2 + s - 9 + s**3. Let u be b(-5). Suppose 7*v = 4*v + u. Calculate the remainder when 33 is divided by v.
6
Suppose 3*a - 11 = m + 11, 5*a - 50 = 5*m. Let u(t) = t**2 + 4*t - 2. Calculate the remainder when u(a) is divided by 6.
4
Let v = -212 - -322. What is the remainder when v is divided by 8?
6
Suppose -3*x + 2 = -4. Let g = 6135 + -6134. Calculate the remainder when x is divided by g.
0
Calculate the remainder when 92 is divided by (-84)/(-10)*(-10 - (-200)/12).
36
Let j(k) = 2*k**2 - 8*k - 16. What is the remainder when 159 is divided by j(8)?
15
Suppose 0 = -3*g + 2*g + 28. Suppose -o - 4 + 7 = 0. Let l(t) = 28*t - 1. Calculate the remainder when l(o) is divided by g.
27
Let l = -462 - -488. Calculate the remainder when l is divided by 9.
8
Suppose 6*b = 3*b + 15. Let n = b + 57. Let r(o) = 4*o. Calculate the remainder when n is divided by r(4).
14
Calculate the remainder when ((12844/39)/19)/(4/54) is divided by 74.
12
Let k(q) = -1. Let c(a) = 2*a + 24. Let d(t) = c(t) - 6*k(t). Calculate the remainder when d(7) is divided by 24.
20
Let v be (10/(-4))/(1/(-2)). Suppose 3 = -v*s + 83. What is the remainder when 126 is divided by s?
14
Suppose 198*k = 192*k + 102. Suppose -w - 5*i + 5 + 20 = 0, 2*w + 4*i - 74 = 0. Calculate the remainder when w is divided by k.
11
Suppose 13*p + 80 = 15*p. Calculate the remainder when 199 is divided by p.
39
Let u(g) = 51*g - 1. Let s be u(5). Suppose -2*l + 2*a + 2*a = -242, -a = -2*l + s. Suppose l = 2*m + m. Calculate the remainder when m is divided by 11.
10
Suppose 23*n = 6*n + 663. Calculate the remainder when n is divided by 12.
3
Let q(b) = -11*b + 26. Let d be q(4). Let t(o) = -5*o - 2. Let r be t(-2). Let g = r - d. What is the remainder when g is divided by 7?
5
Suppose -4*s = 2*k - 26, 5*s + 5 = -k + 6. Let b = -45 - -82. Calculate the remainder when b is divided by k.
16
Suppose -c + 2*g + 0 = -6, 0 = 4*c + g - 33. Suppose 0*j - c = -2*j. Suppose 148 = j*b - 104. Calculate the remainder when b is divided by 16.
15
Let s(b) = -b**3 - 8*b**2 - 10*b + 20. What is the remainder when 92 is divided by s(-6)?
4
What is the remainder when 377 is divided by 10*(-12)/(-8) + -1?
13
Let t(a) = 20*a. Let s be ((-4)/6)/((-34)/51). Suppose 0 = -5*i - 0*i - 3*d + 196, -5*i + 180 = -5*d. Calculate the remainder when i is divided by t(s).
18
Suppose 10 - 82 = -2*p. Let x = 10 - 4. Calculate the remainder when p is divided by 1 + 1 - x - -14.
6
Suppose 0 = 11*t + 82 - 225. What is the remainder when 1/2 - 123/(-2) is divided by t?
10
Suppose -7*q - 171 = -10*q. What is the remainder when q is divided by 32?
25
Let t = 38 + -42. Let l = 18 + t. Suppose 0 = f, 4*f = -0*a + a - 54. Calculate the remainder when a is divided by l.
12
Suppose -2*d - 11 = -309. What is the remainder when d is divided by 10?
9
What is the remainder when 32 is divided by 14/56 + (-105)/(-12) + 0?
5
Let d = -14 + 24. Let x = 90 + -78. Calculate the remainder when x/5*(-15 + 30) is divided by d.
6
Let o(y) = -y**3 + 3*y**2 + 3*y - 9. Let x be o(-4). Let s = 92 - x. Calculate the remainder when 2 is divided by s.
0
Let p be ((-3 - -1) + -8)/(-2). Let v = p - -22. What is the remainder when v is divided by 16?
11
Let a = -88 - -123. Let s(y) = 6 - 28 - 6 + 4*y. Calculate the remainder when a is divided by s(10).
11
Let c be (-10 + -20)*10/(-6). Let h = -42 + c. Calculate the remainder when 30 is divided by h.
6
Suppose -3*c - 2*t = -29, -9*c + 11*c - 10 = t. Calculate the remainder when 24 is divided by c.
3
Let a(n) = -n**3 - 6*n**2 - 5*n - 2. Let h be a(-6). Let u = h + -15. Suppose 4*i - 95 = 57. What is the remainder when i is divided by u?
12
Let u(r) = -r**2 - 28*r + 27. Let m = -37 + 15. Calculate the remainder when u(m) is divided by 32.
31
Calculate the remainder when 260 is divided by (-5)/((-10)/33)*216/81.
40
Suppose -l + 374 + 32 = 3*r, -5*r = -5. What is the remainder when l is divided by 2/2 + (6 - 3) + 41?
43
Let r = -376 + 581. What is the remainder when r is divided by 104?
101
Suppose -5*p + 4*q - 5 = 0, 4*q = -2*p - p + 29. Suppose 3 + 12 = p*h. Suppose -18 = -h*t + 2*t. Calculate the remainder when 13 is divided by t.
1
Let i = -184 - -218. Calculate the remainder when i is divided by 17.
0
Let k(h) = -h**3 - h**2 + h + 106. Calculate the remainder when k(0) is divided by 10.
6
What is the remainder when 16378/190 - 2/(-20)*-2 is divided by 11?
9
Let y = -451 - -461. Calculate the remainder when 105 is divided by y.
5
Suppose m + 1115 = 5*k, m - 657 = -3*k + 4*m. What is the remainder when k is divided by 45?
44
Let b(a) = -2*a**2 - 36*a - 61. Calculate the remainder when 11 is divided by b(-16).
2
What is the remainder when 198 is divided by -238*((-48)/(-216) + (-32)/63)?
62
Let g = -16 - -12. Let b be -2*2/6*-36. Let s = g + b. Calculate the remainder when s is divided by 7.
6
Suppose -3*w = 5*m - 24, 4*m = m - 2*w + 14. Let l = m + -9. What is the remainder when 107 + 1*(l + 7) is divided by 28?
27
Suppose -8 + 87 = 3*b + 2*g, 5*b - 129 = -4*g. What is the remainder when ((-18)/15)/(2/(-95)) is divided by b?
28
Let k = 0 + 3. Let m = 23 - 21. Suppose -5*u = -m*g + 13, -g - u + 2 = -1. What is the remainder when g is divided by k?
1
Suppose 3*m + 4*i - 6 = 0, 5*m - 18 = 4*m + 4*i. Calculate the remainder when 155 is divided by m.
5
Suppose 0 = 29*w + 7238 - 21709. Calculate the remainder whe